 base 2, what is 10100010 - -1110011011000111011110?
1110011011001010000000
In base 16, what is 5 + -61b534e?
-61b5349
In base 5, what is -22400133011 - 41?
-22400133102
In base 12, what is 0 - -2338a84?
2338a84
In base 11, what is -42 + -41664?
-416a6
In base 16, what is -7f71 - 237?
-81a8
In base 6, what is -55021 - 322?
-55343
In base 3, what is 10021220001210012122 - 11?
10021220001210012111
In base 12, what is 335 - 20026?
-1b8b1
In base 14, what is 181b5 + -133?
18082
In base 12, what is 2bb72b + -1b3?
2bb538
In base 5, what is 11 + -14234340220?
-14234340204
In base 12, what is 124b - -34b3a?
36189
In base 8, what is -4 + -27047254?
-27047260
In base 12, what is -13 + ab0a21?
ab0a0a
In base 16, what is -77a351 - 9?
-77a35a
In base 3, what is -20210 - 100000021112?
-100000112022
In base 2, what is -11101110101 + -10110111111011110101?
-10111000011001101010
In base 9, what is -47845037 + -4?
-47845042
In base 12, what is 10 - 1934b?
-1933b
In base 14, what is -3b843a - 12?
-3b844c
In base 15, what is 9524 + 208?
972c
In base 11, what is 1aa2 + -406?
1697
In base 15, what is 2b + -23656ed?
-23656c2
In base 10, what is 5028 + 8978?
14006
In base 8, what is -246 - 223240?
-223506
In base 12, what is -a + b29767?
b29759
In base 6, what is 2100 - 150115?
-144015
In base 2, what is 110000101111010 - -10001000?
110001000000010
In base 7, what is 11420 + 1013?
12433
In base 4, what is 1112 + -3002302?
-3001130
In base 9, what is -684 - -1520121?
1518326
In base 8, what is 20651 - -107711?
130562
In base 6, what is 45132 + -230?
44502
In base 9, what is -277 - -1018446?
1018158
In base 13, what is -4 - a9366c?
-a93673
In base 3, what is 1010100202 + 112122?
1010220101
In base 2, what is -100101110001 + 101100010001001?
100111100011000
In base 3, what is 222 + 211021011002112?
211021011010111
In base 15, what is 7 + -4c67?
-4c60
In base 8, what is 5 + -50366053?
-50366046
In base 4, what is 11 + -3203211311012?
-3203211311001
In base 6, what is -2523003 + 11?
-2522552
In base 7, what is 105356430 - 10?
105356420
In base 13, what is 31a304a + 7?
31a3054
In base 8, what is 2 + -64323461?
-64323457
In base 16, what is -5 + -5ed48a?
-5ed48f
In base 10, what is -17759032 + -14?
-17759046
In base 13, what is -1 - -56819a?
568199
In base 7, what is -6012364 + 32?
-6012332
In base 2, what is 101010100001010101001111 - -1000110?
101010100001010110010101
In base 10, what is -3093456 - -1?
-3093455
In base 10, what is -3047 - 5538?
-8585
In base 14, what is -5018 + -989?
-59a3
In base 11, what is -10 - 8754664?
-8754674
In base 8, what is -24564 - -4526?
-20036
In base 8, what is -616546 + 516?
-616030
In base 9, what is 131502 - -203?
131705
In base 8, what is 4341 + -20063?
-13522
In base 15, what is 6305 + -4be8?
160c
In base 12, what is 0 + 616a1a3?
616a1a3
In base 7, what is 115 - 1303555?
-1303440
In base 9, what is -81 - 872854?
-873045
In base 15, what is 0 + -2a21b7?
-2a21b7
In base 13, what is c7 + 165a2?
16699
In base 3, what is 110 - -220201222021211?
220201222022021
In base 15, what is -2 + 69e149d?
69e149b
In base 10, what is -23234 - 2183?
-25417
In base 4, what is 2210011130311221 + -11?
2210011130311210
In base 13, what is 76 - 9a105b?
-9a0cb5
In base 7, what is 6610523 + -62?
6610431
In base 8, what is 27 + 1005660?
1005707
In base 7, what is 202222 + 21332?
223554
In base 5, what is -2 - -33134141402?
33134141400
In base 12, what is 8 - -b82b40?
b82b48
In base 3, what is 10021112 - -12100110111?
12110202000
In base 10, what is 259089516 + -5?
259089511
In base 3, what is -1121002 - 20012?
-1211021
In base 10, what is 3 + -14601553?
-14601550
In base 13, what is -7602 + -560?
-7b62
In base 10, what is -32864 + 8533?
-24331
In base 16, what is -10184 + 5?
-1017f
In base 3, what is 100201121 + 1120222122?
1221201020
In base 10, what is 5 + 214070599?
214070604
In base 5, what is -2 - 2012211401?
-2012211403
In base 10, what is 5 + 7405357?
7405362
In base 9, what is -1157 + -1038728?
-1040886
In base 15, what is -6 + 21627c?
216276
In base 14, what is 245800c1 - 1?
245800c0
In base 10, what is 286051 - -50?
286101
In base 4, what is -112123 - -223311113?
223132330
In base 14, what is -adad7 - -476?
-ad661
In base 6, what is 40244421 - -131?
40244552
In base 6, what is 25054 - 113045?
-43551
In base 8, what is 45034 + 4?
45040
In base 13, what is 171719a - -61?
171722b
In base 16, what is 144f844 + 13?
144f857
In base 16, what is -d + -b6be52?
-b6be5f
In base 13, what is -6c481005 - -1?
-6c481004
In base 2, what is -1010011111110000110110001110 - 101?
-1010011111110000110110010011
In base 10, what is 1390502027 + -2?
1390502025
In base 11, what is 605 - -373a29?
374533
In base 2, what is 10111100011011001000 - 111?
10111100011011000001
In base 9, what is -11334108 - -3?
-11334105
In base 6, what is 3 - -12205123414?
12205123421
In base 14, what is 60b - 3acd1?
-3a6c4
In base 8, what is 137542040 + 5?
137542045
In base 13, what is 17c90117 + 8?
17c90122
In base 6, what is 3453 + -255455?
-252002
In base 10, what is -26 + -18073768?
-18073794
In base 9, what is 582826 + -434?
582382
In base 9, what is -657 + -13077?
-13745
In base 11, what is 1390 - -283007?
284397
In base 15, what is 9266c + 3c?
926a9
In base 10, what is -20 + 6083231?
6083211
In base 4, what is 101000013 - 1023?
100332330
In base 15, what is 37e691b + 2?
37e691d
In base 14, what is 19 - -178255?
178270
In base 15, what is -8937 - 377?
-8cae
In base 11, what is 144 - -a43809?
a43952
In base 9, what is -2574380 + 4?
-2574375
In base 6, what is -1120 + 5353251?
5352131
In base 7, what is -12332340 - 1115?
-12333455
In base 7, what is -3100032 - -121?
-3066611
In base 11, what is -5 - a2a3053?
-a2a3058
In base 4, what is 133213301230 - 2?
133213301222
In base 15, what is 3 - -1523d5?
1523d8
In base 4, what is 203322321 - -2132?
203331113
In base 10, what is 819148 + 121?
819269
In base 9, what is 518104 - -116?
518221
In base 15, what is 13 - 97e29?
-97e16
In base 9, what is -5 + -10337014?
-10337020
In base 9, what is 516 - -1182885?
1183512
In base 10, what is -1392720638 - 0?
-1392720638
In base 9, what is -34172 + -3682?
-37864
In base 10, what is 21488928 - 1?
21488927
In base 2, what is -1111 - -110101101111101110110111?
110101101111101110101000
In base 13, what is -4654 - 5131?
-9785
In base 2, what is -1101001100100011001111010 - 11?
-1101001100100011001111101
In base 11, what is 28 - -43972a?
439757
In base 14, what is -77 - 5990?
-5a27
In base 6, what is -20015330 - 103?
-20015433
In base 14, what is 7621 - -2a3b?
a25c
In base 8, what is 162164 - 6362?
153602
In base 2, what is -10111010001111100100 - 1110011?
-10111010010001010111
In base 6, what is 44 - -535315?
535403
In base 10, what is 1326 + 153?
1479
In base 8, what is 30 - 24674623?
-24674573
In base 9, what is -35053 - -24?
-35028
In base 5, what is 400001333444 - 2?
400001333442
In base 5, what is -212300114021 + 2?
-212300114014
In base 3, what is 10220120 - -10010100?
21000220
In base 13, what is -7860869 - -5?
-7860864
In base 9, what is -287731 + -205?
-288036
In base 15, what is -131 + -b118a?
-b12bb
In base 2, what is -1000000000010101111 - 1110000?
-1000000000100011111
In base 10, what is -2 + -275456?
-275458
In base 2, what is -100011101101010111110 + 1101000?
-100011101101001010110
In base 6, what is -434344525534 - 1?
-434344525535
In base 5, what is -331111 - -230302?
-100304
In base 11, what is 231 - 7711?
-7490
In base 11, what is -14a70567 - 9?
-14a70575
In base 16, what is -e - 342eb?
-342f9
In base 16, what is 50f0 - -125?
5215
In base 13, what is -103230 + -1?
-103231
In base 9, what is 802 + 347305?
348207
In base 5, what is 134010322 + 2122?
134012444
In base 6, what is -2455 + -1120534?
-1123433
In base 8, what is -257670556 - -25?
-257670531
In base 15, what is -9a6d + -1973?
-b4e1
In base 10, what is -293 + 24653?
24360
In base 6, what is -454 - 21232032?
-21232530
In base 5, what is 1221023420332 - 4?
1221023420323
In base 7, what is -354 + 552?
165
In base 3, what is -120002 - 220021220?
-220211222
In base 15, what is a + 35b2a29?
35b2a34
In base 8, what is -363 + 252502?
252117
In base 4, what is 32011 + -12203230?
-12111213
In base 5, what is 140211 - 32021?
103140
In base 15, wha